d r?
12
Let o = 124 - 34. Let l(g) = 3*g - 1 - 7 + 0*g. Let z be l(6). What is the highest common factor of o and z?
10
Suppose u + 2*u + 6 = 0. Let v = -76 - -46. Let i be 2*u/(8/v). What is the greatest common factor of 15 and i?
15
Suppose -4*a + 165 - 29 = 0. What is the greatest common factor of 374 and a?
34
Let c be (-22)/3*(-3)/2. Suppose -8*f - 88 = -10*f. What is the greatest common divisor of f and c?
11
Let b be ((-22)/33)/(2/(-33) + 0). Calculate the greatest common factor of 33 and b.
11
Let q(h) = 4*h - 4. Let g be q(6). Suppose -4*b + 5*n = -11, 4*n = -0 + 4. Calculate the greatest common factor of g and b.
4
Let y be (3 - (-35)/(-10))*(-49 + 1). What is the highest common divisor of y and 60?
12
Suppose 11*n - 640 = 9*n. Let o = 8 + 24. Calculate the highest common factor of n and o.
32
Let b be (24/7)/((-4)/(-28)). Let k be (-179)/(-3) + 2/6. What is the highest common factor of b and k?
12
Let v be (-23)/((3 - 2)/8). Let s = 986 - 618. Let h = v + s. What is the greatest common divisor of 23 and h?
23
Suppose -4*q + q - 3*j + 12 = 0, 5*q = 5*j. Let b(c) = 4*c**2 - 4 + 3*c - c - 3*c**2. Let f be b(-4). Calculate the highest common divisor of f and q.
2
Let n = -13 - -27. What is the highest common divisor of 98 and n?
14
Suppose -3*s + 36 = 15. Let f(z) = z**2 - 2*z. Let q be f(9). Calculate the highest common factor of s and q.
7
Let r be (2 - -15) + 1*-2. Suppose -r*u + 88 = -11*u. What is the highest common divisor of u and 55?
11
Suppose -10 = 5*j, 3*n - j + 6 = 2*j. Let r be n/(-14) + 96/7. Calculate the highest common factor of 7 and r.
7
Let o be -5 - 9/((-36)/16). Let t be 37 + 4/4*o. Calculate the greatest common factor of 9 and t.
9
Suppose 3*l - 31 = -10. Let x = l + 3. What is the highest common factor of 5 and x?
5
Let n = 117 + -72. Calculate the greatest common factor of 30 and n.
15
Let o = -9 + 13. Suppose 0*b - f + 1 = -2*b, 0 = 3*b - 2*f + o. Suppose 0 = -b*l - 5*c + 54, 2*l + c - 37 = 9. What is the greatest common divisor of 2 and l?
2
Suppose -k + 4*s = k - 32, 4*s = -16. Let x = -2 + 4. Suppose x = -z + 2*z. What is the highest common divisor of k and z?
2
Suppose -2 = 3*c - 4*c. Suppose -2*o = -3*o + c. Calculate the highest common divisor of o and 2.
2
Let p be ((-300)/(-9))/(1*(-4)/(-6)). Calculate the highest common divisor of p and 40.
10
Suppose 3*z + r = 242, -3*z - 4*r - 152 = -5*z. Let p(v) = 13*v**2 - 4*v**2 + 0*v - v - 2. Let q be p(2). What is the highest common divisor of z and q?
16
Suppose o - 6 = 3*o. Let q = 0 - o. Suppose -q*j - 5*p + 50 = 0, -4*p + 26 = 2*j - j. What is the greatest common divisor of 40 and j?
10
Suppose -h = -2*h + 25. Suppose -2*j = w - 39, -4*w = w - h. What is the greatest common factor of j and 17?
17
Let d = 19 - 14. Suppose 4*n + 206 = d*z, 7*z - 2*z - 210 = 5*n. What is the highest common divisor of 19 and z?
19
Suppose -4*q + q + 5*w = -94, -146 = -5*q + 3*w. What is the greatest common factor of 42 and q?
14
Suppose -4*g - 3*n + 11 = 0, 2 = 2*n - 0. Let j be -2 + (-2 - -4) - -10. What is the highest common factor of j and g?
2
Suppose 4*s - 57 + 9 = 0. What is the greatest common divisor of s and 84?
12
Let h = 104 + -56. What is the greatest common divisor of 12 and h?
12
Let w = 21 + -19. Calculate the highest common factor of 4 and w.
2
Let v be (-34)/(-4)*-2 - -1. Let p be (v/(-10))/(2/20). Suppose -2*b + 23 = 7. Calculate the greatest common factor of b and p.
8
Suppose 14 = 3*n - 4*s, 6*s + 20 = 4*n + 2*s. Let t(p) = p**3 + 10*p**2 - 5*p - 8. Let z be t(-10). Calculate the greatest common divisor of n and z.
6
Suppose q + 5*f + 2 = -2, 10 = 5*q - 5*f. Suppose 2*p = 6*p. Let r be 2 + q/3*p. What is the greatest common factor of 6 and r?
2
Let m(c) = -c - 2 + c**2 - 2 + 0*c**2 - 8*c. Let f be m(12). Calculate the greatest common divisor of f and 4.
4
Let l(n) = -2*n**3 - 3*n**2 - n + 4. Let m be l(-4). Let i be 0/(2*-1)*-1. Let g = 11 - i. Calculate the greatest common divisor of m and g.
11
Suppose -3*i = 3*m, 7 = 5*i + 4*m + 3. Suppose -j - i = -12. Suppose 10 + 2 = -4*t, -3*t + 15 = v. Calculate the highest common divisor of v and j.
8
Suppose 6*z - 13 = 5. Let h = -4 - -9. Suppose 38 = 2*g + z*b, -4*b - 3 - h = -g. What is the greatest common factor of 80 and g?
16
Suppose 4*n + 8 = 2*k, n - 2*k - k - 3 = 0. Let x(b) = -b**3 - b**2 - 2*b + 2. Let t be x(n). Calculate the greatest common divisor of 39 and t.
13
Suppose -11*k = -3*k - 64. Calculate the highest common factor of 20 and k.
4
Suppose 2*a = 291 + 267. Calculate the highest common factor of 31 and a.
31
Let v(l) = l**2 - l + 3. Let s be v(-5). Let o = 0 - 3. Let f = 0 - o. What is the greatest common factor of f and s?
3
Let u be 3*(24/9 - 2). Suppose 0 = 3*h - 3*i - 171, -4*i + u*i = -3*h + 169. Let m = -53 + 58. What is the highest common factor of m and h?
5
Suppose -4*l + 5*l = -x + 53, -3*x = 4*l - 160. Suppose 0 = -2*n - n + 39. What is the greatest common factor of x and n?
13
Let u(o) = o**2 - 3*o + 1. Let v be u(4). Suppose v*m - 224 - 491 = 0. Let k = 23 - 10. Calculate the greatest common factor of m and k.
13
Suppose 37 + 35 = 3*i. Let u be 116/14 - (-4)/(-14). Calculate the greatest common factor of i and u.
8
Let t be 6/(-2) - (2 - 45). Let u = t + -27. What is the greatest common factor of 91 and u?
13
Let k = 40 + -24. Let r = -18 + 21. Let j be 48*3/27*r. What is the greatest common factor of k and j?
16
Suppose -5*j + 111 = -29. Calculate the highest common divisor of 14 and j.
14
Suppose l - 15 = -4*l. Suppose -y - 5*f = -5, 5*y + f - 25 = l*f. What is the highest common divisor of y and 25?
5
Let r = -29 - -44. Calculate the greatest common factor of r and 10.
5
Let d be ((-4)/(-6))/((-12)/(-162)). What is the highest common divisor of d and 18?
9
Suppose -2*v + 3*t = -3, -2*v - t + 14 = -v. Suppose -2*y + 2*g + 3*g - v = 0, -y + 18 = 2*g. What is the highest common factor of y and 16?
8
Let l(a) be the third derivative of 0 + 1/60*a**5 - 1/3*a**3 - 1/24*a**4 - a**2 + 0*a. Let g be l(3). Calculate the highest common factor of 1 and g.
1
Let j(z) = z**3 - 9*z**2 - 6*z + 24. Let o be j(10). Calculate the highest common divisor of 32 and o.
32
Let n(x) = 2*x**2 + 3*x. Let v be n(-2). Calculate the highest common divisor of 22 and v.
2
Suppose 3*p = 5*p + 4*a - 12, p - 6 = 4*a. Let v be p/10 + 2084/10. What is the greatest common divisor of v and 19?
19
Let o(c) = 4*c**2 - 3*c + 3. Let l = -1 - -4. Let x be o(l). Let y be ((-12)/(-5))/(9/x). Calculate the highest common divisor of 32 and y.
8
Let a be 466/22 - (-4)/(-22). Suppose -27 = -2*i + a. Calculate the greatest common divisor of 6 and i.
6
Suppose 5*g - 4 = 11. Suppose -5*v - 18 + 45 = 4*r, 0 = g*v + 2*r - 15. Suppose -13 = -v*q + 47. Calculate the highest common divisor of q and 5.
5
Let k be 43 - 0 - (2 - 4). Calculate the highest common factor of k and 15.
15
Let c(m) = m**2 + 2*m - 2. Suppose v - 5 = -1. Let p be c(v). Let i(z) = 7*z - 3. Let t be i(2). What is the greatest common factor of p and t?
11
Suppose -5*z + 8 = -z. Suppose -4*f = q - 128, -f + 0 = -z. What is the greatest common factor of q and 20?
20
Let h be (-2 - 6*2)/(3/(-12)). What is the greatest common factor of h and 8?
8
Let f be ((-4)/(-7))/(7/49). Calculate the highest common factor of f and 2.
2
Suppose 8*w = -4*j + 3*w + 27, 4*w = -j + 4. Calculate the highest common divisor of j and 20.
4
Suppose -255 = -3*m - 2*m. Suppose 2*h = 0, c - 5*h - 13 - m = 0. Suppose d + c = 3*d. Calculate the highest common factor of d and 8.
8
Suppose -4*q + 26 = -14. Let o be (118/4)/((-2)/(-4)). Suppose 5*l = s - 105, -2*s = 5*l - 106 - o. What is the greatest common divisor of q and s?
10
Let h(n) = 10*n + 5 - 3*n**2 + 2*n**2 - 14. Let r be h(6). What is the highest common divisor of r and 105?
15
Suppose 0 = c - g - 57, g + 45 = 2*c - 68. Suppose -4*q = -9*q + 70. Calculate the highest common divisor of c and q.
14
Suppose -2*u - 1 + 5 = 0. Suppose 0 = i - 1 - u. Suppose x = -i*x + 48. What is the highest common factor of x and 96?
12
Suppose -3*d = -4*r - 32 + 7, 2*r - 5 = -d. Calculate the highest common divisor of 35 and d.
7
Suppose 785 = -4*p - 467. Let g = p + 467. What is the highest common factor of 14 and g?
14
Let i be -5 + 2 + 18 + 12/4. Let 